{"id":3763,"date":"2021-11-11T17:57:53","date_gmt":"2021-11-11T16:57:53","guid":{"rendered":"http:\/\/www.burmester.musin.de\/cms\/?page_id=3763"},"modified":"2023-12-10T14:19:09","modified_gmt":"2023-12-10T13:19:09","slug":"uebertritt","status":"publish","type":"page","link":"http:\/\/www.burmester.musin.de\/cms\/uebertritt\/","title":{"rendered":"\u00dcbertritt"},"content":{"rendered":"\t\t<div data-elementor-type=\"wp-page\" data-elementor-id=\"3763\" class=\"elementor elementor-3763\">\n\t\t\t\t\t\t<section class=\"elementor-section elementor-top-section elementor-element elementor-element-267cec39 elementor-section-boxed elementor-section-height-default elementor-section-height-default\" data-id=\"267cec39\" data-element_type=\"section\" data-e-type=\"section\">\n\t\t\t\t\t\t<div class=\"elementor-container elementor-column-gap-default\">\n\t\t\t\t\t<div class=\"elementor-column elementor-col-100 elementor-top-column elementor-element elementor-element-15fde47a\" data-id=\"15fde47a\" data-element_type=\"column\" data-e-type=\"column\">\n\t\t\t<div class=\"elementor-widget-wrap elementor-element-populated\">\n\t\t\t\t\t\t<div class=\"elementor-element elementor-element-2b0bb0c elementor-widget elementor-widget-text-editor\" data-id=\"2b0bb0c\" data-element_type=\"widget\" data-e-type=\"widget\" data-widget_type=\"text-editor.default\">\n\t\t\t\t<div class=\"elementor-widget-container\">\n\t\t\t\t\t\t\t\t\t<p><\/p>\n<p class=\"has-black-color has-text-color\">Hier finden Sie alle Informationen zum \u00dcbertritt <\/p>\n<p><\/p>\n<p><\/p>\n<p><\/p>\n<p><\/p>\n<p>Allgemeine Einf\u00fchrung zum \u00dcbertritt  <a href=\"http:\/\/www.burmester.musin.de\/cms\/wp-content\/uploads\/2022\/12\/PPT_Uebertritt_GS-Burmester-2022.pdf\">PowerPoint-Pr\u00e4sentation<\/a> <\/p>\n<p><\/p>\n<p><\/p>\n<p class=\"has-black-color has-text-color\">Die Pr\u00e4sentation der unten stehenden Schulen stammen aus dem Schuljahr 2023\/24<\/p>\n<p><\/p>\n<p><\/p>\n<p>Pr\u00e4sentation der <a href=\"http:\/\/www.burmester.musin.de\/cms\/wp-content\/uploads\/2023\/11\/Uebertritt-in-die-Mittelschule.pptx\">Mittelschule an der Situlistra\u00dfe<\/a><\/p>\n<p><\/p>\n<p><\/p>\n<p>Pr\u00e4sentation der <a href=\"http:\/\/www.burmester.musin.de\/cms\/wp-content\/uploads\/2023\/11\/2023-2024-WBG-Prasentation-Grundsc-hulinfoabende-Stand-09.11.2023.pptx\">Willy-Brandt-Gesamtschule <\/a><\/p>\n<p><\/p>\n<p><\/p>\n<p>Pr\u00e4sentation der <a href=\"http:\/\/www.burmester.musin.de\/cms\/wp-content\/uploads\/2023\/11\/RHR-Uebertritt-2024_NEU.ppt\">Ricarda-Huch-Realschule<\/a><\/p>\n<p><\/p>\n<p><\/p>\n<p>Pr\u00e4sentation des <a href=\"http:\/\/www.burmester.musin.de\/cms\/wp-content\/uploads\/2023\/12\/Das-Gymnasium-Praesentation-2023_24_InfoabendGS.pdf\">Werner-Heisenberg-Gymnasiums<\/a><\/p>\n<p><\/p>\n<p><\/p>\n<p>Pr\u00e4sentation der <a href=\"http:\/\/www.burmester.musin.de\/cms\/wp-content\/uploads\/2023\/11\/231114-Kermess-Praesentation-extern-Nov-2023.pptx\">Kermess Wirtschaftsschule<\/a><\/p>\n<p><\/p>\n<p><\/p>\n<figure class=\"wp-block-image size-large is-resized\"><a href=\"http:\/\/www.burmester.musin.de\/cms\/wp-content\/uploads\/2023\/02\/Bildschirm\u00adfoto-2023-02-01-um-16.37.56.png\"><img fetchpriority=\"high\" decoding=\"async\" width=\"721\" height=\"1024\" src=\"http:\/\/www.burmester.musin.de\/cms\/wp-content\/uploads\/2023\/02\/Bildschirm\u00adfoto-2023-02-01-um-16.37.56-721x1024.png\" alt=\"\" class=\"wp-image-5368\" style=\"width:541px;height:768px\" srcset=\"http:\/\/www.burmester.musin.de\/cms\/wp-content\/uploads\/2023\/02\/Bildschirm\u00adfoto-2023-02-01-um-16.37.56-721x1024.png 721w, http:\/\/www.burmester.musin.de\/cms\/wp-content\/uploads\/2023\/02\/Bildschirm\u00adfoto-2023-02-01-um-16.37.56-211x300.png 211w, http:\/\/www.burmester.musin.de\/cms\/wp-content\/uploads\/2023\/02\/Bildschirm\u00adfoto-2023-02-01-um-16.37.56-768x1092.png 768w, http:\/\/www.burmester.musin.de\/cms\/wp-content\/uploads\/2023\/02\/Bildschirm\u00adfoto-2023-02-01-um-16.37.56-1081x1536.png 1081w, http:\/\/www.burmester.musin.de\/cms\/wp-content\/uploads\/2023\/02\/Bildschirm\u00adfoto-2023-02-01-um-16.37.56.png 1206w\" sizes=\"(max-width: 721px) 100vw, 721px\" \/><\/a><p><\/p>\n<figcaption class=\"wp-element-caption\"><a href=\"http:\/\/www.burmester.musin.de\/cms\/wp-content\/uploads\/2023\/02\/Broschuere-Einschreibung-2023-01-31.pdf\">Die Brosch\u00fcre k\u00f6nnen Sie hier downloaden.<\/a><\/figcaption>\n<\/figure>\n<p><\/p>\t\t\t\t\t\t\t\t<\/div>\n\t\t\t\t<\/div>\n\t\t\t\t\t<\/div>\n\t\t<\/div>\n\t\t\t\t\t<\/div>\n\t\t<\/section>\n\t\t\t\t<\/div>\n\t\t","protected":false},"excerpt":{"rendered":"<p>Hier finden Sie alle Informationen zum \u00dcbertritt Allgemeine Einf\u00fchrung zum \u00dcbertritt PowerPoint-Pr\u00e4sentation Die Pr\u00e4sentation der unten stehenden Schulen stammen aus dem Schuljahr 2023\/24 Pr\u00e4sentation der [&hellip;]<\/p>\n","protected":false},"author":2,"featured_media":0,"parent":0,"menu_order":0,"comment_status":"closed","ping_status":"closed","template":"","meta":{"passster_activate_protection":null,"passster_protect_child_pages":"","passster_protection_type":"password","passster_password":"","passster_activate_overwrite_defaults":"","passster_headline":"","passster_instruction":"","passster_placeholder":"","passster_button":"","passster_id":"","passster_activate_misc_settings":"","passster_redirect_url":"","passster_hide":"no","passster_area_shortcode":"","footnotes":""},"class_list":["post-3763","page","type-page","status-publish","hentry"],"_links":{"self":[{"href":"http:\/\/www.burmester.musin.de\/cms\/wp-json\/wp\/v2\/pages\/3763"}],"collection":[{"href":"http:\/\/www.burmester.musin.de\/cms\/wp-json\/wp\/v2\/pages"}],"about":[{"href":"http:\/\/www.burmester.musin.de\/cms\/wp-json\/wp\/v2\/types\/page"}],"author":[{"embeddable":true,"href":"http:\/\/www.burmester.musin.de\/cms\/wp-json\/wp\/v2\/users\/2"}],"replies":[{"embeddable":true,"href":"http:\/\/www.burmester.musin.de\/cms\/wp-json\/wp\/v2\/comments?post=3763"}],"version-history":[{"count":17,"href":"http:\/\/www.burmester.musin.de\/cms\/wp-json\/wp\/v2\/pages\/3763\/revisions"}],"predecessor-version":[{"id":7109,"href":"http:\/\/www.burmester.musin.de\/cms\/wp-json\/wp\/v2\/pages\/3763\/revisions\/7109"}],"wp:attachment":[{"href":"http:\/\/www.burmester.musin.de\/cms\/wp-json\/wp\/v2\/media?parent=3763"}],"curies":[{"name":"wp","href":"https:\/\/api.w.org\/{rel}","templated":true}]}}